 by 195.
136
Calculate the remainder when 175899 is divided by 175795.
104
What is the remainder when 212109 is divided by 8152?
157
What is the remainder when 372777 is divided by 417?
396
What is the remainder when 306458 is divided by 768?
26
What is the remainder when 5269678 is divided by 1872?
1870
Calculate the remainder when 833857960 is divided by 113.
111
Calculate the remainder when 954773 is divided by 412.
169
Calculate the remainder when 174780 is divided by 466.
30
What is the remainder when 4878763 is divided by 26515?
3
Calculate the remainder when 350799041 is divided by 298.
295
Calculate the remainder when 99530774 is divided by 8601.
2
Calculate the remainder when 27987 is divided by 3019.
816
Calculate the remainder when 1381622 is divided by 5.
2
Calculate the remainder when 294549950 is divided by 14026188.
2
What is the remainder when 3060258 is divided by 421?
9
What is the remainder when 1112094 is divided by 39?
9
What is the remainder when 8193911 is divided by 372446?
99
Calculate the remainder when 33513842 is divided by 88427.
9
What is the remainder when 170511578 is divided by 93074?
10
Calculate the remainder when 296247 is divided by 48294.
6483
Calculate the remainder when 2955394 is divided by 985116.
46
Calculate the remainder when 37540 is divided by 348.
304
What is the remainder when 941308 is divided by 470448?
412
Calculate the remainder when 936650 is divided by 93633.
320
Calculate the remainder when 67585 is divided by 4213.
177
Calculate the remainder when 1581852 is divided by 173.
113
Calculate the remainder when 115346 is divided by 865.
301
Calculate the remainder when 12359243 is divided by 251.
3
What is the remainder when 12892036 is divided by 40797?
184
Calculate the remainder when 5165528 is divided by 54.
50
Calculate the remainder when 74393714 is divided by 11.
10
Calculate the remainder when 28751356 is divided by 9583752.
100
What is the remainder when 7207476 is divided by 54602?
12
Calculate the remainder when 36706690 is divided by 3615.
3595
What is the remainder when 121787 is divided by 40417?
536
What is the remainder when 496342 is divided by 5016?
4774
Calculate the remainder when 2147723 is divided by 7896.
11
What is the remainder when 1670423 is divided by 556754?
161
What is the remainder when 581237 is divided by 48435?
17
Calculate the remainder when 6722824 is divided by 110.
64
Calculate the remainder when 20793 is divided by 8768.
3257
What is the remainder when 20555692 is divided by 1370376?
52
Calculate the remainder when 62142 is divided by 7628.
1118
Calculate the remainder when 7529087 is divided by 7529085.
2
Calculate the remainder when 128286 is divided by 32049.
90
Calculate the remainder when 1318152524 is divided by 2516.
2512
Calculate the remainder when 32952516 is divided by 612.
600
Calculate the remainder when 281383 is divided by 4696.
4319
What is the remainder when 122866 is divided by 6777?
880
Calculate the remainder when 55844815 is divided by 6346.
15
What is the remainder when 9823 is divided by 1258?
1017
Calculate the remainder when 64180946 is divided by 287.
284
What is the remainder when 1400552 is divided by 18659?
1127
What is the remainder when 170211 is divided by 56469?
804
What is the remainder when 4552794 is divided by 455279?
4
Calculate the remainder when 10563 is divided by 137.
14
What is the remainder when 129197080 is divided by 481?
480
Calculate the remainder when 1626627 is divided by 2118.
3
Calculate the remainder when 17110003 is divided by 4277500.
3
Calculate the remainder when 21036 is divided by 179.
93
What is the remainder when 336606 is divided by 612?
6
What is the remainder when 4575799 is divided by 1096?
1095
What is the remainder when 51942 is divided by 2220?
882
What is the remainder when 29051770 is divided by 15569?
16
What is the remainder when 4449598 is divided by 309?
307
What is the remainder when 11706667 is divided by 1026?
7
Calculate the remainder when 1901510 is divided by 475368.
38
Calculate the remainder when 1733129 is divided by 48.
41
What is the remainder when 373374 is divided by 123526?
2796
Calculate the remainder when 941676 is divided by 4096.
3692
What is the remainder when 89662325 is divided by 943?
942
Calculate the remainder when 59406 is divided by 29323.
760
Calculate the remainder when 2222128 is divided by 136.
24
Calculate the remainder when 1247499 is divided by 1977.
12
Calculate the remainder when 221787 is divided by 3082.
2965
What is the remainder when 41517 is divided by 4151?
7
Calculate the remainder when 139370 is divided by 383.
341
Calculate the remainder when 1315840 is divided by 1075.
40
Calculate the remainder when 68827251 is divided by 1764801.
12
Calculate the remainder when 9196068 is divided by 1281.
1050
What is the remainder when 597586 is divided by 1113?
1018
What is the remainder when 5290302 is divided by 6835?
12
Calculate the remainder when 5003501 is divided by 384884.
9
What is the remainder when 9625160 is divided by 2769?
116
Calculate the remainder when 176835 is divided by 397.
170
Calculate the remainder when 138058 is divided by 316.
282
What is the remainder when 536282 is divided by 26813?
22
Calculate the remainder when 148844 is divided by 1659.
1193
What is the remainder when 1681027 is divided by 62260?
7
What is the remainder when 83199 is divided by 1589?
571
Calculate the remainder when 9123 is divided by 4218.
687
Calculate the remainder when 250983 is divided by 83655.
18
What is the remainder when 96850 is divided by 48249?
352
What is the remainder when 79558 is divided by 304?
214
What is the remainder when 466554 is divided by 2974?
2610
Calculate the remainder when 20885498 is divided by 68253.
80
What is the remainder when 77747 is divided by 688?
3
What is the remainder when 4214399229 is divided by 24?
21
Calculate the remainder when 14339174 is divided by 29.
8
Calculate the remainder when 454834 is divided by 1516.
34
What is the remainder when 3343581 is divided by 2131?
42
Calculate the remainder when 111490 is divided by 8238.
4396
What is the remainder when 930571 is divided by 7688?
323
Calculate the remainder when 228991 is divided by 14.
7
What is the remainder when 2575649 is divided by 22?
21
Calculate the remainder when 18900742 is divided by 19.
17
Calculate the remainder when 1325676 is divided by 3578.
1816
Calculate the remainder when 1911900 is divided by 238983.
36
What is the remainder when 10717979 is divided by 604?
603
Calculate the remainder when 1746048 is divided by 69.
3
Calculate the remainder when 25048 is divided by 2738.
406
What is the remainder when 1907715 is divided by 5625?
840
What is the remainder when 220528 is divided by 305?
13
What is the remainder when 2175248379 is divided by 20?
19
What is the remainder when 2873653 is divided by 22806?
97
Calculate the remainder when 29740792 is divided by 12.
4
What is the remainder when 365005 is divided by 10138?
37
Calculate the remainder when 44093745 is divided by 54.
45
Calculate the remainder when 158037 is divided by 1230.
597
Calculate the remainder when 2605191 is divided by 1302453.
285
What is the remainder when 3008796 is divided by 752196?
12
What is the remainder when 10136386 is divided by 534?
532
Calculate the remainder when 536175 is divided by 3230.
3225
Calculate the remainder when 8578035 is divided by 8578033.
2
What is the remainder when 907707 is divided by 766?
763
What is the remainder when 5815 is divided by 993?
850
Calculate the remainder when 1618906 is divided by 1061.
881
What is the remainder when 1888757 is divided by 1888741?
16
What is the remainder when 17362328 is divided by 8681163?
2
What is the remainder when 26174349 is divided by 26?
19
Calculate the remainder when 14431989 is divided by 261.
255
What is the remainder when 187946082 is divided by 169?
168
What is the remainder when 779224 is divided by 883?
418
What is the remainder when 7922510 is divided by 82?
80
Calculate the remainder when 5706484 is divided by 2418.
4
What is the remainder when 1323880 is divided by 4678?
6
What is the remainder when 5480893 is divided by 429?
418
Calculate the remainder when 9240994 is divided by